se -6*r - 365 = -11*r. Suppose 3*k - 229 = -r. What is the units digit of k?
2
Suppose j = -0*j + 1. Let k be (-44)/(-6) + j/(-3). Suppose k*d - 4*d - 123 = 0. What is the tens digit of d?
4
Let q = 1783 - 1160. What is the units digit of q?
3
Let l = 21 - 19. Suppose 0*i + 2 = l*i, -551 = -4*c + i. What is the hundreds digit of c?
1
Suppose 0 = 4*a + 3*j + 19, -3 = -4*a + j - 2. Suppose -8*i + 4*i + 60 = 0. What is the tens digit of i - (2 + -2 - a)?
1
Suppose -11 = 2*q - 0*q - u, 0 = 3*q - 2*u + 19. Let v = q + 29. What is the units digit of v?
6
Let q(z) = -3*z**3 + 2*z**3 + 2*z**2 - 2*z**2 + 3*z**2 + 2*z + 5. Let d be q(4). What is the units digit of 29 + -2*d/(-2)?
6
What is the thousands digit of ((-6)/(-40))/(7/315)*436?
2
Let g(w) = 24*w + 1. What is the units digit of g(5)?
1
Let d = -492 - -1011. What is the hundreds digit of d?
5
Suppose 4*h + 2 = 10. Suppose -20 = 5*n, -5*n - h = d + 13. Suppose -2*s - d*o + 23 = -2*o, 0 = 2*s + o - 21. What is the tens digit of s?
1
Let b(c) = -67*c - 327. What is the hundreds digit of b(-11)?
4
Let p(f) be the third derivative of -f**6/120 + 7*f**5/60 + f**4/8 + 5*f**3/3 + 9*f**2. What is the tens digit of p(6)?
6
What is the tens digit of (3 - 5)*(-4895)/22?
4
Let n = 2104 + -1205. What is the tens digit of n?
9
Suppose -2*d = d - 123. Suppose r + 7*a - 4*a = 36, -d = -r - 4*a. Let z = r - 4. What is the units digit of z?
7
Let m(s) = -77*s + 18. What is the hundreds digit of m(-8)?
6
Let u(q) = -q. Let y(o) = -3*o**2 + 6*o - 2. Let j(f) = -3*u(f) - y(f). What is the units digit of j(3)?
0
Suppose 0 = -5*y + 5*r + 563 + 57, -y + 104 = 4*r. What is the units digit of y?
0
Let c = -2 + 2. Suppose 2*m - 5*m + 9 = c. Suppose -4*p + 2*b + 10 = -12, m*b = 3. What is the units digit of p?
6
Let b be (-19)/5 - 2/10. What is the units digit of (362/b)/(-1 - 1/(-2))?
1
Let u(i) = -5*i + 104. What is the units digit of u(20)?
4
Suppose 2*m = -2*s + 286, 0*s + 423 = 3*m + s. Suppose 0 = -7*g + 105 + m. What is the tens digit of g?
3
Let b(m) = 456*m + 72. Let o(h) = 57*h + 9. Let l(a) = 4*b(a) - 33*o(a). What is the tens digit of l(-3)?
6
Let h = -13 - -5. Let a = -4 - h. Suppose 0 = 2*u - 5*m - 8, 0 = u - a*m - 7 + 3. What is the units digit of u?
4
Suppose 0 = 5*a + 2*d + 60, -d - 35 = 5*a - 4*d. Let r be ((-16)/a)/((-12)/(-60)). Suppose -r*l + 32 = -6*l. What is the tens digit of l?
1
Let i be 4/(-26) - (-140)/(-195)*-3. Suppose i*z = r - 73, r - 4*r + 199 = -2*z. What is the units digit of r?
3
Let h(j) = j**3 - 2*j**2 + 2*j + 5. Let x be h(3). Let z = 3 - -7. Let s = x - z. What is the tens digit of s?
1
Suppose 4*y - 2*w = -78, y + 3*y + 2*w + 90 = 0. What is the units digit of ((-1)/4)/(y/5124)?
1
Suppose a - 6*a = 25, -2*o + 160 = 2*a. What is the tens digit of o?
8
Let r = 72 + -3. What is the units digit of (1 - 3) + r + 6/2?
0
Suppose 88*r = 78*r + 7030. What is the units digit of r?
3
Let d be (-2)/(-4) - 12/(-8). Suppose c - 4*x + 25 = 0, d + 2 = 4*x. Let q = c - -65. What is the tens digit of q?
4
Let v(y) = -4*y + 47. What is the hundreds digit of v(-44)?
2
Let x be 1/7 + 78/42. Suppose -4*m + 104 = 4*b, -4*m + x*m = 5*b - 121. What is the units digit of b?
3
Let n = 3404 + -1322. What is the hundreds digit of n?
0
Let q be (-1)/(-5) + 23758/10. Suppose -10*d = -28*d + q. What is the hundreds digit of d?
1
Let m be (-2)/13 + 861/273. Suppose u - 5 = 0, n + 3*u = -0*u + 35. Suppose -m*z = z - n. What is the units digit of z?
5
Suppose -16*u + 22*u = 2640. What is the units digit of u?
0
Let b be (-6)/(-9)*(16 - 1). Let y = b - 12. What is the units digit of ((-3)/y)/((-4)/(-8))?
3
Suppose h - 2*k - 6 = 0, -5 = 2*k + 1. Let x = h + 6. Suppose x*q - 176 = 76. What is the tens digit of q?
4
Let y = 1406 + -924. Suppose 3*c - 166 = y. Suppose -4*b + 0*d = -d - c, -d = -b + 54. What is the units digit of b?
4
Let i(o) = -5*o + 84. Let n be i(0). Let w = 159 - n. What is the tens digit of w?
7
Let y be ((0 - -1) + 2/2)*-1. Let p(w) = 2*w + 2. Let s be p(-2). What is the units digit of (s - y)/2 + 10?
0
Let o(y) = 3*y**3 - 5*y**2 + 3*y - 1. Let n be o(3). Suppose -5*w + 5 = -5, 4*m - n = -2*w. What is the tens digit of m?
1
Suppose 0 = -o - 5*s + 173, -s - 3*s + 16 = 0. Let q = -109 + o. What is the tens digit of q?
4
Suppose -2*l + 4 + 6 = 0. Suppose -3*k + 142 = -l*p + 704, p = k + 114. What is the units digit of p?
0
Suppose 0 = 3*g - g. Suppose 0 = -4*p - 5*d + 26, g = 4*p - d - d - 12. Suppose p*h = 2*v - 28, -5*h + 2*h = -v + 12. What is the tens digit of v?
1
Let z = -44 + 96. Suppose 5*f = z + 48. What is the tens digit of f?
2
Let s(v) = 1. Let i(w) = w**2 - 7*w. Let g(f) = -i(f) + 2*s(f). Let c(p) = -p**2 - 11*p - 13. Let q be c(-9). What is the tens digit of g(q)?
1
Let w be (-48)/15 + 1/5. Suppose 8*a + 11 = 203. What is the tens digit of w/18 - (-628)/a?
2
Let a = 15 - 7. Let n = a - -1. Suppose 4*t = t + n. What is the units digit of t?
3
Let n be (6/(-8))/(2/(-112)). Let p be (3/(-2))/(n/(-56)). Suppose 4*d = p*d - 4*a + 134, -3*d - 5*a + 198 = 0. What is the tens digit of d?
6
Suppose -i = 3*n - 757, -4*i = -2*n - 3947 + 891. What is the tens digit of i?
6
Suppose 3471 = 7*b - 10102. What is the thousands digit of b?
1
Let q = -2850 - -4283. What is the thousands digit of q?
1
Suppose -4*f - 3*a - 4 = 24, 5*f + 35 = -5*a. Let v(h) = 2*h**2 + 11*h + 30. What is the tens digit of v(f)?
5
Let w be 77*(-2 - (-16)/14). Let y be (-18)/(-12) - w/4. Suppose 4*f - k - y = k, -4 = 4*k. What is the units digit of f?
4
Suppose -4*a - 40 = 4*q + 640, -2*a - 4*q = 332. What is the tens digit of (-6 + 1)*a/15?
5
Let r = 130 + -127. Suppose 0 = r*x + 3*k - 687, -2*x - k = -6*x + 936. What is the units digit of x?
3
Suppose -4*p + 234 = 3*g, -3*g + 0*p = -3*p - 213. Let l = 4 + g. What is the tens digit of l?
7
Suppose 3*x - 8 = -j, 4*j = -x + j. Let i(q) = 40*q - 3. Let r be i(3). Suppose 58 = 5*u - 3*u - 4*b, r = 5*u - x*b. What is the units digit of u?
1
Suppose 0 = -4*k - 5*w + 530 + 55, 0 = 5*k - 2*w - 690. What is the units digit of 6/4 - k/(-8)?
9
Let y(t) = 5*t**2 + 10*t + 1. What is the tens digit of y(12)?
4
Suppose -h + 8 = h. Suppose -3*o - 3*b - 33 = 0, -h*o + 0*b = -3*b + 51. What is the tens digit of -4 - (-30 + o/(-3))?
2
Let i = 7 + -10. Let m(w) = w**2 + w - 3. Let c be m(i). Let o(g) = 11*g - 2. What is the tens digit of o(c)?
3
Let u(y) = -y**2 + 15*y + 20*y - 5 - 13*y. Suppose 2*o = -5*b + 103, 2*b + 0*o - 46 = 4*o. What is the units digit of u(b)?
6
What is the hundreds digit of 1392 + 24/(-9)*-3?
4
Let m(q) = -2*q**3 + 6*q**2 + 22*q + 40. What is the units digit of m(-8)?
2
What is the hundreds digit of 16/208 + 4482/39?
1
Let s be (-2 - -2)/((-9 - -4) + 6). Suppose 2*o + 622 = 3*c + 4*o, 4*o - 20 = s. What is the tens digit of c?
0
Let h(n) = 258*n**3 + 5*n**2 - 3*n - 3. What is the units digit of h(2)?
5
Suppose -5*x = -13 + 3. Suppose v + 2 = -o - x*v, 0 = -4*o + 3*v + 22. Suppose -o*f = -f - 3. What is the units digit of f?
1
Let s(p) = -14 + p - 12 + 12. What is the units digit of s(23)?
9
Let l = 3 - 1. Suppose 10*j + 276 = 14*j. Suppose -j = -u - l. What is the tens digit of u?
6
Let p = 280 + 249. What is the units digit of p?
9
Suppose i - 93 = 4*l + 3167, -4*l = -8. What is the tens digit of i?
6
Let l = 57 - 35. Let q = 24 - l. Suppose 0 = q*v - 14 - 10. What is the units digit of v?
2
Suppose -4*h + 1136 = -a + 108, 4*h + a - 1036 = 0. Let i = h + -157. What is the tens digit of i?
0
Let d be -6*5/(-6)*2. Suppose -390 = -d*c + 5*c. Suppose -3*k + 3 = 0, 3*v - 7*v - 2*k + c = 0. What is the tens digit of v?
1
Let q(c) be the third derivative of c**6/120 + c**5/60 - c**4/24 + 5*c**3/6 - 2*c**2. Let u be q(0). Suppose -u*y + 134 = -106. What is the tens digit of y?
4
Let b(h) = 3*h**2 + 25*h - 93. What is the units digit of b(-22)?
9
Suppose 3*o + 3*a + 12 = -0*a, -5*a - 11 = -4*o. Let w be (2 + 4)*o/3. What is the tens digit of w/4*-2 - -32?
3
Let v be 340/(-14) + (-10)/(-35). Let l = 38 + v. Suppose -18 = -y - 5*t, -2*y + 0*y + l = -t. What is the units digit of y?
8
Suppose -5*g + 2040 = -715. What is the tens digit of g?
5
Let m(u) = -187*u + 6. Suppose 0 = -2*w + 8 - 10. What is the hundreds digit of m(w)?
1
Let y(t) = -2*t - 5. Let s be -1 - 0 - (-1 + 4). Let